i + 68. Let h = t - -47. List the prime factors of h.
2, 3, 17
Let o(f) = 4*f - 94. Let b be o(23). Let d(n) = -134*n + 12. List the prime factors of d(b).
2, 5, 7
Let b(p) = -55*p + 175. Let m be b(10). What are the prime factors of ((-18)/(-6))/(-9)*m?
5
Let c be 26708/12*(5 - 2). Suppose 527 - c = -5*y. What are the prime factors of y?
2, 3, 5, 41
Let z = 1535 - -13705. List the prime factors of z.
2, 3, 5, 127
Let k be (0 + 0 - -1) + 1. Let n be 4/(-6) - (-3)/(-9). List the prime factors of (-3 - n)*k - -95.
7, 13
Let j = -6388 - -29969. List the prime factors of j.
23581
Let a = 53 - 47. What are the prime factors of (-1 - (-417)/a)*(3 - 1)?
137
Suppose 3*k + 69 = 4*t, -8*t + 3*t = -5*k - 85. Suppose -t*m - 5721 = -16125. List the prime factors of m.
2, 17
Let d = 33 + -30. Suppose 0 = -8*j + d*j + 20. Suppose -f - 527 = -j*l, -3*l + 408 = -2*f - 3*f. List the prime factors of l.
131
Let q = 19296 - 5470. List the prime factors of q.
2, 31, 223
Let z be (2/(-4))/(6/(-108)*3). Suppose 2*b - 720 = 2*q, 0*b - 4*q = z*b - 1059. What are the prime factors of b?
3, 7, 17
Let c(r) = -176*r - 295. List the prime factors of c(-33).
37, 149
Let z(l) = l**2 - 21*l + 4. Let y be z(21). Suppose -7*i + 8*i = y. Suppose i*c = -11 + 3, c + 353 = 3*p. What are the prime factors of p?
3, 13
Let s = -737 - -1114. Let i(a) = -119*a**2 - 2*a - 1. Let t be i(-1). Let b = s + t. List the prime factors of b.
7, 37
Let b be 6*(40/(-15) + 2). Let n be (-1848)/(-32) - (-3)/b. List the prime factors of (-16)/12*n/(-2).
2, 19
Let f = -19 - -21. Suppose -24 = -3*g - f*v + 10, 5*v = -5*g + 65. Suppose -g*p + 741 = -43. What are the prime factors of p?
2, 7
Suppose -4*c = -2*g + 34, -5*c = -5*g - 1 + 56. Let o = -739 + 1377. Suppose -g*d + o = 5*h - 252, -h + 3*d + 174 = 0. What are the prime factors of h?
3, 59
Let o be 92 + 6 + (-1 - 3). Let w = 259 + 13. Suppose 3*q + c - o = 2*q, -3*q + w = -2*c. List the prime factors of q.
2, 23
Let b be ((-164)/52 - -3) + (-17520)/(-312). Suppose 7*j = 3*j + 32. Suppose j = -3*t + b. What are the prime factors of t?
2
Suppose 1842 = 6*z - 0*z. Suppose -4*r = z - 1087. List the prime factors of r.
3, 5, 13
Suppose -4*m = 3*c - 1064, 0 = 5*m - 16*c + 18*c - 1323. Let k = 174 + m. What are the prime factors of k?
19, 23
Let r be 10/(-15) + (-4)/(-18)*1569. Let k = 143 - r. Let b = -59 - k. List the prime factors of b.
2, 73
Let x = -23690 + 33899. List the prime factors of x.
3, 41, 83
Let b be (-6 - 114/(-21))/((-2)/14). Suppose -t - 3 = 4*m, 5*m + b = 3*m. Suppose -k + 3*x = -77, 3*x + 419 = 5*k + t*x. List the prime factors of k.
83
Let y = 26169 + -18312. List the prime factors of y.
3, 97
Let k = 8 - -35. Let j = 2 + k. Let z = j - -10. What are the prime factors of z?
5, 11
Suppose 2*a - 4*o = 5*a - 55, 4*o + 23 = 3*a. Let n be -20*-2*(0 + a/(-8)). Let b = n + 130. What are the prime factors of b?
5, 13
Let b be 132/34 + 6/51. Suppose -b*h + 5*c - 96 + 1061 = 0, -c = 4*h - 935. List the prime factors of h.
5, 47
Let a(k) = -2*k**3 - 22*k**2 - 42*k + 207. List the prime factors of a(-26).
3, 7193
Suppose -9*w + 1965 = 6*w. Suppose 5*v = 5*y + 310, w = 4*v - y - 108. List the prime factors of v.
59
Let d = 30469 + -14245. List the prime factors of d.
2, 3, 13
Let d(m) be the third derivative of -35*m**4/24 + 7*m**3/6 + 12*m**2 + 2*m. Let t(c) = c + 7. Let y be t(-10). List the prime factors of d(y).
2, 7
Let m(o) = -9*o**3 + 23*o**2 + 39*o + 59. Let t(q) = 5*q**3 - 11*q**2 - 20*q - 30. Let k(d) = 6*m(d) + 11*t(d). What are the prime factors of k(-10)?
2, 73
Let c be (-34)/10 - (-6)/15. Let d(v) = -8*v**2 + 5*v + 5. Let s(i) = -8*i**2 + 6*i + 4. Let g(r) = -3*d(r) + 2*s(r). List the prime factors of g(c).
2, 37
Let u(y) = -37*y**3 - 10*y**2 - 9*y - 28. List the prime factors of u(-5).
2, 3, 61
Let j(f) = -3*f**2 - 37*f + 33. Let o be (-288)/24*(-2)/(-2). What are the prime factors of j(o)?
3, 5
Suppose 0 = -2*q - 10*q + 5280. Suppose -5*w + q = -3*p + 83, 4*p - 260 = -4*w. Suppose -d + y + w = 0, 6*y = 2*d + 3*y - 143. List the prime factors of d.
2
What are the prime factors of (34/85 - 60262/(-20))/((-19)/(-114))?
3, 7, 41
Let y be 5/(5/3) + 632/2. What are the prime factors of 55/(-1)*y/(-55)?
11, 29
List the prime factors of (24454/4)/((-185)/(-370)).
12227
Let d(j) be the third derivative of j**6/720 + j**5/60 + 7*j**4/12 + 21*j**2. Let t(h) be the second derivative of d(h). List the prime factors of t(1).
3
Suppose 7*q = 2*q + 95. Let t = q + -23. List the prime factors of (-1 + 63/t)/(4/(-16)).
67
Let v = -41 - -98. What are the prime factors of (0 + -1)*38*v/(-6)?
19
Suppose 37*u + 54460 = 107*u. List the prime factors of u.
2, 389
Let t be 246/164*4/(-3). Let a(n) = 68*n**2 + 4 - 25*n**2 - 2*n - 8. What are the prime factors of a(t)?
2, 43
Suppose -4*a = -59 + 51. Suppose -3*r = r, 0 = -2*x - a*r + 394. List the prime factors of x.
197
Suppose -3*u + 9*u = 2*u. Suppose u = -w + 3*w + v - 538, 5*w + 3*v - 1343 = 0. List the prime factors of w.
271
Let t(i) = -6*i - 22. Suppose n = 5*n - 44. Let r(d) = -d**2 + 10*d + 6. Let a be r(n). List the prime factors of t(a).
2
Let v(q) = 2261*q - 347. What are the prime factors of v(12)?
5, 11, 487
Let f(j) = 23*j - 95. Let k be f(-9). Let r = -200 - k. List the prime factors of r.
2, 3, 17
Let v(s) = -s**3 - 7*s**2 - 8*s - 16. Let q be v(-6). List the prime factors of (-292 + 10)/((q + 1)/3).
2, 3, 47
Let a = 112074 - 61887. What are the prime factors of a?
3, 16729
Let m(n) = -3*n**3 + 4*n**2 + 2. Suppose l - 7 = -3. Let o be m(l). Let u = o + 217. List the prime factors of u.
7, 13
Let o(n) = -10*n**3 + 23*n**2 + 24*n + 92. What are the prime factors of o(-9)?
9029
Suppose -5*x + 4*y + 23896 = -0*y, 3*x - 14337 = 3*y. Suppose 9*g + 325 - x = 0. Suppose -z + 0*z = 4*n - 81, 2*n - g = -5*z. List the prime factors of z.
101
Let c = 33 + 375. Let n be (184/(-44) - -4) + (864/132)/3. Suppose 5*g - g + 384 = n*i, 2*i + 2*g = c. What are the prime factors of i?
2, 5
List the prime factors of 1309309/43 + (-456)/9804.
30449
Let c = -52 + -13. Let i = c + 65. Suppose -3*g - f = -462, 4*g - 4*f + 2*f - 616 = i. What are the prime factors of g?
2, 7, 11
List the prime factors of 2870319/75 - 140/(-1750).
3, 12757
What are the prime factors of 147/(-84) + 27795/4 + -4 + 0?
53, 131
Suppose -4*f + 16 = -d + 4, 4*f = -d + 4. Let j(z) = -17*z + 20. What are the prime factors of j(d)?
2, 11
Suppose 3*d - 1059 = -87. Suppose -2*h - 3*f + d = -5*f, 4*h - 5*f = 652. List the prime factors of h.
2, 79
Let f be 52/24 + 1/(-6). Suppose 520 = b + f*c, -5*b - c = -6*c - 2540. List the prime factors of b.
2
Let h be 8*11*18/((-648)/45). What are the prime factors of 1/((-1370)/(-7414) + 20/h)?
337
Let r = 11666 - -856. What are the prime factors of r?
2, 3, 2087
Let z be 1/2*(-10)/10*-10. Suppose -3*n = -5*v + 2*n + 3550, -z*n - 1426 = -2*v. What are the prime factors of v?
2, 3, 59
Let x = -728 + 497. Let a = 768 + x. Suppose -8*h + a = 81. What are the prime factors of h?
3, 19
Suppose -8*h = -0*h - 24. Suppose 2*i - 7 = -4*t + 3, h*t + 3*i = 15. What are the prime factors of (t - 1) + 1 + 169?
13
Let m(a) = 6*a**3 - 2*a**2 - 4*a - 5. Let r be m(4). Let v = r - 137. Let p = v + -88. List the prime factors of p.
2, 53
Suppose 417 + 1358 = 5*k. Suppose -1419 + k = -4*p. Suppose 0 = -2*n + 2*v + 138, 4*n - v - p = -2*v. List the prime factors of n.
67
Let t = 2160 + 3628. List the prime factors of t.
2, 1447
Let n(r) = r**2 + 43*r + 4. Let o be n(-42). Let x(b) = -b**3 - 34*b**2 + 129*b + 8. List the prime factors of x(o).
2, 3, 7
Suppose 9*j + 41 = 23. What are the prime factors of (-1038)/j*10*4/120?
173
Suppose 0 = 5*h + 220 + 1190. Let w = -68 - h. What are the prime factors of w?
2, 107
Let g(a) = 15*a + 31. Let k(s) = -7*s - 15. Let i be -4 - -2*(9/6 + -2). Let c(t) = i*k(t) - 2*g(t). What are the prime factors of c(3)?
2, 7
Let q(g) = 2*g**2 + 17*g + 8. Let v be q(-8). Suppose -4 = 4*w, -4*n + 1358 = -v*n + 2*w. List the prime factors of n.
2, 5, 17
Suppose 3*o + 776 + 1282 = 0. Let w = o + 986. What are the prime factors of w?
2, 3, 5
Let x(y) = 2*y**3 + 21*y**2 - 5*y - 1. Suppose -4*i - 26 = -0*i + 5*u, -5*i - 35 = 5*u. List the prime factors of x(i).
7, 41
Suppose 2*t - 221 = 3*b, 34 + 49 =